{"id":19,"date":"2010-05-22T17:56:25","date_gmt":"2010-05-22T15:56:25","guid":{"rendered":"http:\/\/ollmetzer\/?page_id=19"},"modified":"2019-10-05T13:44:53","modified_gmt":"2019-10-05T11:44:53","slug":"hypovereinsbank","status":"publish","type":"page","link":"https:\/\/www.ollmetzer.com\/?page_id=19","title":{"rendered":"Hypovereinsbank"},"content":{"rendered":"<p><strong>Kunde<\/strong><br \/>\nHypovereinsbank<\/p>\n<p><strong>Projekt<\/strong><br \/>\n\u00dcberarbeitung und Erg\u00e4nzung des Webauftritts von Activest (Investmentfondsgesellschaft der Hypovereinsbank M\u00fcnchen) um Intra- und Extranetfunktionen zur Unterst\u00fctzung der externen Vertriebspartner.<\/p>\n<p><strong>Leistung<\/strong><br \/>\nUmsetzung von XML-Dateien des CMS Interwoven Teamsite \u00fcber XSL-Droplets in HTML.<br \/>\nDie Leistung wurde im Rahmen einer Festanstellung bei I-D Media erbracht.<\/p>\n<p><strong>Jahr<\/strong><\/p>\n<p>2001<\/p>\n<p><strong>Screenshots<\/strong><\/p>\n<p><a href=\"http:\/\/www.ollmetzer.com\/?attachment_id=1076\" rel=\"attachment wp-att-1076\"><img loading=\"lazy\" decoding=\"async\" class=\"size-medium wp-image-1076\" title=\"ac1\" src=\"http:\/\/www.ollmetzer.com\/wp-content\/uploads\/projekte\/activest\/ac1-480x406.gif\" alt=\"Startseite\" width=\"480\" height=\"406\" \/><\/a><\/p>\n<p><a href=\"http:\/\/www.ollmetzer.com\/?attachment_id=1078\" rel=\"attachment wp-att-1078\"><img loading=\"lazy\" decoding=\"async\" class=\"size-medium wp-image-1078\" title=\"ac3\" src=\"http:\/\/www.ollmetzer.com\/wp-content\/uploads\/projekte\/activest\/ac3-480x407.gif\" alt=\"Fondsfinder\" width=\"480\" height=\"407\" \/><\/a><\/p>\n<p><a href=\"http:\/\/www.ollmetzer.com\/?attachment_id=1077\" rel=\"attachment wp-att-1077\"><img loading=\"lazy\" decoding=\"async\" class=\"size-medium wp-image-1077\" title=\"ac2\" src=\"http:\/\/www.ollmetzer.com\/wp-content\/uploads\/projekte\/activest\/ac2-480x393.gif\" alt=\"Pflichtpublikationen\" width=\"480\" height=\"393\" \/><\/a><\/p>\n","protected":false},"excerpt":{"rendered":"<p>Kunde Hypovereinsbank Projekt \u00dcberarbeitung und Erg\u00e4nzung des Webauftritts von Activest (Investmentfondsgesellschaft der Hypovereinsbank M\u00fcnchen) um Intra- und Extranetfunktionen zur Unterst\u00fctzung der externen Vertriebspartner. Leistung Umsetzung von XML-Dateien des CMS Interwoven Teamsite \u00fcber XSL-Droplets in HTML. Die Leistung wurde im Rahmen einer Festanstellung bei I-D Media erbracht. Jahr 2001 Screenshots<\/p>\n","protected":false},"author":1,"featured_media":0,"parent":4,"menu_order":90,"comment_status":"closed","ping_status":"closed","template":"","meta":{"footnotes":""},"class_list":["post-19","page","type-page","status-publish","hentry"],"_links":{"self":[{"href":"https:\/\/www.ollmetzer.com\/index.php?rest_route=\/wp\/v2\/pages\/19","targetHints":{"allow":["GET"]}}],"collection":[{"href":"https:\/\/www.ollmetzer.com\/index.php?rest_route=\/wp\/v2\/pages"}],"about":[{"href":"https:\/\/www.ollmetzer.com\/index.php?rest_route=\/wp\/v2\/types\/page"}],"author":[{"embeddable":true,"href":"https:\/\/www.ollmetzer.com\/index.php?rest_route=\/wp\/v2\/users\/1"}],"replies":[{"embeddable":true,"href":"https:\/\/www.ollmetzer.com\/index.php?rest_route=%2Fwp%2Fv2%2Fcomments&post=19"}],"version-history":[{"count":1,"href":"https:\/\/www.ollmetzer.com\/index.php?rest_route=\/wp\/v2\/pages\/19\/revisions"}],"predecessor-version":[{"id":3725,"href":"https:\/\/www.ollmetzer.com\/index.php?rest_route=\/wp\/v2\/pages\/19\/revisions\/3725"}],"up":[{"embeddable":true,"href":"https:\/\/www.ollmetzer.com\/index.php?rest_route=\/wp\/v2\/pages\/4"}],"wp:attachment":[{"href":"https:\/\/www.ollmetzer.com\/index.php?rest_route=%2Fwp%2Fv2%2Fmedia&parent=19"}],"curies":[{"name":"wp","href":"https:\/\/api.w.org\/{rel}","templated":true}]}}