{"id":7,"date":"2010-05-22T17:49:10","date_gmt":"2010-05-22T15:49:10","guid":{"rendered":"http:\/\/ollmetzer\/?page_id=7"},"modified":"2019-10-05T14:00:27","modified_gmt":"2019-10-05T12:00:27","slug":"fastfiction","status":"publish","type":"page","link":"https:\/\/www.ollmetzer.com\/?page_id=7","title":{"rendered":"fastfiction"},"content":{"rendered":"<p><strong>Zeitraum<\/strong><br \/>\n2005 &#8211; 2008<\/p>\n<p><strong>Projekt<\/strong><br \/>\nFastfiction war ein E-Book Projekt f\u00fcr Handies. FastFiction bot eine Auswahl klassischer Literatur an zum Download. Die kleine Bibliothek f\u00fcr unterwegs wiegt nichts und unterh\u00e4lt unterwegs, z.B. w\u00e4hrend der Fahrt mit der U-Bahn, auf niveauvolle Art. Das Projekt entstand als Proof-of-Concept einer Seminararbeit \u00fcber Businesspl\u00e4ne.<\/p>\n<p><strong>Umsetzung<\/strong><br \/>\nDie Website mit automatischer Endger\u00e4teerkennung zeigt f\u00fcr Handies entsprechend angepasste Seiten und basiert auf PHP und MySQL. Sie bietet ein einfaches CMS, da\u00df die Erstellung der E-Books on-demand erm\u00f6glicht. Die Readersoftware f\u00fcr die Handies entstand in Java (J2ME 1.0)<\/p>\n<p><strong>Screenshots<\/strong><\/p>\n<div id=\"attachment_1052\" style=\"width: 410px\" class=\"wp-caption aligncenter\"><a href=\"http:\/\/www.ollmetzer.com\/?attachment_id=1052\" rel=\"attachment wp-att-1052\"><img loading=\"lazy\" decoding=\"async\" aria-describedby=\"caption-attachment-1052\" class=\"size-full wp-image-1052\" title=\"web_title\" src=\"http:\/\/www.ollmetzer.com\/wp-content\/uploads\/projekte\/fastfiction\/web_title.gif\" alt=\"ff homepage\" width=\"400\" height=\"366\" \/><\/a><p id=\"caption-attachment-1052\" class=\"wp-caption-text\">Website Homepage<\/p><\/div>\n<div id=\"attachment_1051\" style=\"width: 410px\" class=\"wp-caption aligncenter\"><a href=\"http:\/\/www.ollmetzer.com\/?attachment_id=1051\" rel=\"attachment wp-att-1051\"><img loading=\"lazy\" decoding=\"async\" aria-describedby=\"caption-attachment-1051\" class=\"size-full wp-image-1051\" title=\"web_download\" src=\"http:\/\/www.ollmetzer.com\/wp-content\/uploads\/projekte\/fastfiction\/web_download.gif\" alt=\"ff web download\" width=\"400\" height=\"366\" \/><\/a><p id=\"caption-attachment-1051\" class=\"wp-caption-text\">Website &#8211; Detailseite mit Download<\/p><\/div>\n<div id=\"attachment_1050\" style=\"width: 205px\" class=\"wp-caption aligncenter\"><a href=\"http:\/\/www.ollmetzer.com\/?attachment_id=1050\" rel=\"attachment wp-att-1050\"><img loading=\"lazy\" decoding=\"async\" aria-describedby=\"caption-attachment-1050\" class=\"size-full wp-image-1050\" title=\"wap_title\" src=\"http:\/\/www.ollmetzer.com\/wp-content\/uploads\/projekte\/fastfiction\/wap_title.gif\" alt=\"ff title\" width=\"195\" height=\"260\" \/><\/a><p id=\"caption-attachment-1050\" class=\"wp-caption-text\">Mobiles Internet &#8211; Startseite<\/p><\/div>\n<div id=\"attachment_1049\" style=\"width: 205px\" class=\"wp-caption aligncenter\"><a href=\"http:\/\/www.ollmetzer.com\/?attachment_id=1049\" rel=\"attachment wp-att-1049\"><img loading=\"lazy\" decoding=\"async\" aria-describedby=\"caption-attachment-1049\" class=\"size-full wp-image-1049\" title=\"wap_download\" src=\"http:\/\/www.ollmetzer.com\/wp-content\/uploads\/projekte\/fastfiction\/wap_download.gif\" alt=\"ff download\" width=\"195\" height=\"260\" \/><\/a><p id=\"caption-attachment-1049\" class=\"wp-caption-text\">Mobiles Internet &#8211; Download<\/p><\/div>\n<div id=\"attachment_1045\" style=\"width: 205px\" class=\"wp-caption aligncenter\"><a href=\"http:\/\/www.ollmetzer.com\/?attachment_id=1045\" rel=\"attachment wp-att-1045\"><img loading=\"lazy\" decoding=\"async\" aria-describedby=\"caption-attachment-1045\" class=\"size-full wp-image-1045\" title=\"handy_download\" src=\"http:\/\/www.ollmetzer.com\/wp-content\/uploads\/projekte\/fastfiction\/handy_download.gif\" alt=\"ff download\" width=\"195\" height=\"260\" \/><\/a><p id=\"caption-attachment-1045\" class=\"wp-caption-text\">Handy Download<\/p><\/div>\n<div id=\"attachment_1046\" style=\"width: 205px\" class=\"wp-caption aligncenter\"><a href=\"http:\/\/www.ollmetzer.com\/?attachment_id=1046\" rel=\"attachment wp-att-1046\"><img loading=\"lazy\" decoding=\"async\" aria-describedby=\"caption-attachment-1046\" class=\"size-full wp-image-1046\" title=\"handy_kapitel\" src=\"http:\/\/www.ollmetzer.com\/wp-content\/uploads\/projekte\/fastfiction\/handy_kapitel.gif\" alt=\"ff kapitel\" width=\"195\" height=\"260\" \/><\/a><p id=\"caption-attachment-1046\" class=\"wp-caption-text\">Reader &#8211; Kapitelauswahl<\/p><\/div>\n<div id=\"attachment_1047\" style=\"width: 205px\" class=\"wp-caption aligncenter\"><a href=\"http:\/\/www.ollmetzer.com\/?attachment_id=1047\" rel=\"attachment wp-att-1047\"><img loading=\"lazy\" decoding=\"async\" aria-describedby=\"caption-attachment-1047\" class=\"size-full wp-image-1047\" title=\"handy_text\" src=\"http:\/\/www.ollmetzer.com\/wp-content\/uploads\/projekte\/fastfiction\/handy_text.gif\" alt=\"ff text\" width=\"195\" height=\"260\" \/><\/a><p id=\"caption-attachment-1047\" class=\"wp-caption-text\">Reader &#8211; Textanzeige<\/p><\/div>\n","protected":false},"excerpt":{"rendered":"<p>Zeitraum 2005 &#8211; 2008 Projekt Fastfiction war ein E-Book Projekt f\u00fcr Handies. FastFiction bot eine Auswahl klassischer Literatur an zum Download. Die kleine Bibliothek f\u00fcr unterwegs wiegt nichts und unterh\u00e4lt unterwegs, z.B. w\u00e4hrend der Fahrt mit der U-Bahn, auf niveauvolle Art. Das Projekt entstand als Proof-of-Concept einer Seminararbeit \u00fcber Businesspl\u00e4ne. Umsetzung Die Website mit automatischer [&hellip;]<\/p>\n","protected":false},"author":1,"featured_media":0,"parent":3,"menu_order":20,"comment_status":"closed","ping_status":"closed","template":"","meta":{"footnotes":""},"class_list":["post-7","page","type-page","status-publish","hentry"],"_links":{"self":[{"href":"https:\/\/www.ollmetzer.com\/index.php?rest_route=\/wp\/v2\/pages\/7","targetHints":{"allow":["GET"]}}],"collection":[{"href":"https:\/\/www.ollmetzer.com\/index.php?rest_route=\/wp\/v2\/pages"}],"about":[{"href":"https:\/\/www.ollmetzer.com\/index.php?rest_route=\/wp\/v2\/types\/page"}],"author":[{"embeddable":true,"href":"https:\/\/www.ollmetzer.com\/index.php?rest_route=\/wp\/v2\/users\/1"}],"replies":[{"embeddable":true,"href":"https:\/\/www.ollmetzer.com\/index.php?rest_route=%2Fwp%2Fv2%2Fcomments&post=7"}],"version-history":[{"count":1,"href":"https:\/\/www.ollmetzer.com\/index.php?rest_route=\/wp\/v2\/pages\/7\/revisions"}],"predecessor-version":[{"id":3736,"href":"https:\/\/www.ollmetzer.com\/index.php?rest_route=\/wp\/v2\/pages\/7\/revisions\/3736"}],"up":[{"embeddable":true,"href":"https:\/\/www.ollmetzer.com\/index.php?rest_route=\/wp\/v2\/pages\/3"}],"wp:attachment":[{"href":"https:\/\/www.ollmetzer.com\/index.php?rest_route=%2Fwp%2Fv2%2Fmedia&parent=7"}],"curies":[{"name":"wp","href":"https:\/\/api.w.org\/{rel}","templated":true}]}}